{"id":8846,"date":"2026-01-06T10:47:32","date_gmt":"2026-01-06T08:47:32","guid":{"rendered":"https:\/\/verniolle.fr\/wordpress\/?page_id=8846"},"modified":"2026-01-06T11:03:28","modified_gmt":"2026-01-06T09:03:28","slug":"droit-de-preemption-commercial","status":"publish","type":"page","link":"http:\/\/verniolle.fr\/wordpress\/droit-de-preemption-commercial\/","title":{"rendered":"Droit de pr\u00e9emption commercial"},"content":{"rendered":"\n<p><a href=\"http:\/\/verniolle.fr\/wordpress\/wp-content\/uploads\/2026\/01\/annexe-a-la-deliberation-n\u00b02025-90-du-15.12.2025.pdf\">Annexe \u00e0 la d\u00e9lib\u00e9ration n\u00b02025-90 du 15.12.2025<\/a><\/p>\n<p><a href=\"http:\/\/verniolle.fr\/wordpress\/wp-content\/uploads\/2026\/01\/deliberation-2025-90-delimitation-dun-perimetre-de-sauvegarde-du-commerce-et-artisanat-1.pdf\">D\u00e9lib\u00e9ration 2025-90 &#8211; d\u00e9limitation d&#8217;un p\u00e9rim\u00e8tre de sauvegarde du commerce et artisanat<\/a><\/p>\n","protected":false},"excerpt":{"rendered":"<p>Annexe \u00e0 la d\u00e9lib\u00e9ration n\u00b02025-90 du 15.12.2025 D\u00e9lib\u00e9ration 2025-90 &#8211; d\u00e9limitation d&#8217;un p\u00e9rim\u00e8tre de sauvegarde du commerce et artisanat<\/p>\n","protected":false},"author":1,"featured_media":0,"parent":0,"menu_order":0,"comment_status":"closed","ping_status":"closed","template":"","meta":[],"_links":{"self":[{"href":"http:\/\/verniolle.fr\/wordpress\/wp-json\/wp\/v2\/pages\/8846"}],"collection":[{"href":"http:\/\/verniolle.fr\/wordpress\/wp-json\/wp\/v2\/pages"}],"about":[{"href":"http:\/\/verniolle.fr\/wordpress\/wp-json\/wp\/v2\/types\/page"}],"author":[{"embeddable":true,"href":"http:\/\/verniolle.fr\/wordpress\/wp-json\/wp\/v2\/users\/1"}],"replies":[{"embeddable":true,"href":"http:\/\/verniolle.fr\/wordpress\/wp-json\/wp\/v2\/comments?post=8846"}],"version-history":[{"count":3,"href":"http:\/\/verniolle.fr\/wordpress\/wp-json\/wp\/v2\/pages\/8846\/revisions"}],"predecessor-version":[{"id":8862,"href":"http:\/\/verniolle.fr\/wordpress\/wp-json\/wp\/v2\/pages\/8846\/revisions\/8862"}],"wp:attachment":[{"href":"http:\/\/verniolle.fr\/wordpress\/wp-json\/wp\/v2\/media?parent=8846"}],"curies":[{"name":"wp","href":"https:\/\/api.w.org\/{rel}","templated":true}]}}