{"id":7443,"date":"2024-04-10T15:19:10","date_gmt":"2024-04-10T13:19:10","guid":{"rendered":"https:\/\/verniolle.fr\/wordpress\/?page_id=7443"},"modified":"2026-03-12T15:58:24","modified_gmt":"2026-03-12T13:58:24","slug":"decisions-municipales","status":"publish","type":"page","link":"http:\/\/verniolle.fr\/wordpress\/decisions-municipales\/","title":{"rendered":"DECISIONS MUNICIPALES"},"content":{"rendered":"\n<table style=\"border-collapse: collapse; width: 100%; height: 138px;\">\n<tbody>\n<tr style=\"height: 23px;\">\n<td style=\"width: 12.8571%; text-align: center; height: 23px;\"><strong>NUMERO<\/strong><\/td>\n<td style=\"width: 15%; text-align: center; height: 23px;\"><strong>PUBLICATION<\/strong><\/td>\n<td style=\"width: 72.1428%; text-align: center; height: 23px;\"><strong>OBJET<\/strong><\/td>\n<\/tr>\n<tr>\n<td style=\"width: 12.8571%;\">\u00a0<\/td>\n<td style=\"width: 15%;\">12\/03\/2026<\/td>\n<td style=\"width: 72.1428%;\"><a href=\"http:\/\/verniolle.fr\/wordpress\/wp-content\/uploads\/2026\/03\/decision-signature-bail-commercial_local-2-place-de-la-Republique.pdf\">D\u00e9cision municipale &#8211; signature bail commercial local 2 place de la R\u00e9publique<\/a><\/td>\n<\/tr>\n<tr style=\"height: 23px;\">\n<td style=\"width: 12.8571%; height: 23px;\">\u00a0<\/td>\n<td style=\"width: 15%; height: 23px;\">11\/04\/2025<\/td>\n<td style=\"width: 72.1428%; height: 23px;\"><a href=\"http:\/\/verniolle.fr\/wordpress\/wp-content\/uploads\/2025\/04\/decision-du-08.04.2025_redevance-occupation-DP_stands-peche-aux-canards_confiseries.pdf\">D\u00e9cision municipale &#8211; redevance d&#8217;occupation du domaine public<\/a><\/td>\n<\/tr>\n<tr style=\"height: 23px;\">\n<td style=\"width: 12.8571%; height: 23px;\"><a href=\"http:\/\/verniolle.fr\/wordpress\/wp-content\/uploads\/2024\/04\/01.decision-portant-autorisation-dester-en-justice.pdf\">2400490-3<\/a><\/td>\n<td style=\"width: 15%; height: 23px;\">10\/04\/2024<\/td>\n<td style=\"width: 72.1428%; height: 23px;\">D\u00e9cision municipale portant autorisation d&#8217;ester en justice et d\u00e9signation d&#8217;un avocat<\/td>\n<\/tr>\n<tr style=\"height: 23px;\">\n<td style=\"width: 12.8571%; height: 23px;\">\u00a0<\/td>\n<td style=\"width: 15%; height: 23px;\">30\/12\/2024<\/td>\n<td style=\"width: 72.1428%; height: 23px;\"><a href=\"http:\/\/verniolle.fr\/wordpress\/wp-content\/uploads\/2024\/12\/Scan_20241231_095630.pdf\" target=\"_blank\" rel=\"noopener\">D\u00e9cision municipale portant virement de cr\u00e9dits budget communal <\/a><\/td>\n<\/tr>\n<tr style=\"height: 46px;\">\n<td style=\"width: 12.8571%; height: 46px;\">\u00a0<\/td>\n<td style=\"width: 15%; height: 46px;\">03\/01\/2025<\/td>\n<td style=\"width: 72.1428%; height: 46px;\"><a href=\"http:\/\/verniolle.fr\/wordpress\/wp-content\/uploads\/2025\/01\/decision-de-renonciation-a-lexercice-du-droit-de-preemption-sur-terrain-A-1001-A-1003.pdf\">D\u00e9cision de renonciation \u00e0 l&#8217;exercice du droit de pr\u00e9emption sur terrain A 1001 A 1003<\/a><\/td>\n<\/tr>\n<\/tbody>\n<\/table>\n","protected":false},"excerpt":{"rendered":"<p>NUMERO PUBLICATION OBJET \u00a0 12\/03\/2026 D\u00e9cision municipale &#8211; signature bail commercial local 2 place de la R\u00e9publique \u00a0 11\/04\/2025 D\u00e9cision municipale &#8211; redevance d&#8217;occupation du domaine public 2400490-3 10\/04\/2024 D\u00e9cision municipale portant autorisation d&#8217;ester en justice et d\u00e9signation d&#8217;un avocat \u00a0 30\/12\/2024 D\u00e9cision municipale portant virement de cr\u00e9dits budget communal \u00a0 03\/01\/2025 D\u00e9cision de renonciation [&hellip;]<\/p>\n","protected":false},"author":1,"featured_media":0,"parent":0,"menu_order":0,"comment_status":"closed","ping_status":"closed","template":"","meta":[],"_links":{"self":[{"href":"http:\/\/verniolle.fr\/wordpress\/wp-json\/wp\/v2\/pages\/7443"}],"collection":[{"href":"http:\/\/verniolle.fr\/wordpress\/wp-json\/wp\/v2\/pages"}],"about":[{"href":"http:\/\/verniolle.fr\/wordpress\/wp-json\/wp\/v2\/types\/page"}],"author":[{"embeddable":true,"href":"http:\/\/verniolle.fr\/wordpress\/wp-json\/wp\/v2\/users\/1"}],"replies":[{"embeddable":true,"href":"http:\/\/verniolle.fr\/wordpress\/wp-json\/wp\/v2\/comments?post=7443"}],"version-history":[{"count":13,"href":"http:\/\/verniolle.fr\/wordpress\/wp-json\/wp\/v2\/pages\/7443\/revisions"}],"predecessor-version":[{"id":8985,"href":"http:\/\/verniolle.fr\/wordpress\/wp-json\/wp\/v2\/pages\/7443\/revisions\/8985"}],"wp:attachment":[{"href":"http:\/\/verniolle.fr\/wordpress\/wp-json\/wp\/v2\/media?parent=7443"}],"curies":[{"name":"wp","href":"https:\/\/api.w.org\/{rel}","templated":true}]}}