{"id":7283,"date":"2024-01-29T16:43:32","date_gmt":"2024-01-29T14:43:32","guid":{"rendered":"https:\/\/verniolle.fr\/wordpress\/?page_id=7283"},"modified":"2024-04-19T11:34:36","modified_gmt":"2024-04-19T09:34:36","slug":"le-bapteme-republicain","status":"publish","type":"page","link":"http:\/\/verniolle.fr\/wordpress\/le-bapteme-republicain\/","title":{"rendered":"Le bapt\u00eame r\u00e9publicain"},"content":{"rendered":"\n<h3><img decoding=\"async\" class=\"aligncenter\" src=\"https:\/\/www.plouedern.fr\/medias\/2019\/07\/Bapteme_civil.jpg\" alt=\"Le bapt\u00eame r\u00e9publicain\" \/><\/h3>\n<h3><span style=\"color: #8715ad;\">Les valeurs du bapt\u00eame r\u00e9publicain<\/span><\/h3>\n<p style=\"text-align: left;\"><span style=\"color: #000000;\"><em>Le parrainage civil, appel\u00e9 aussi bapt\u00eame civil ou bapt\u00eame r\u00e9publicain, consiste en une c\u00e9r\u00e9monie la\u00efque et symbolique, n&#8217;ayant aucune valeur l\u00e9gale, au cours de laquelle les marraines et\/ou parrains s&#8217;engagent moralement \u00e0 accompagner l&#8217;enfant dans son entr\u00e9e au sein de la communaut\u00e9 nationale. <span style=\"text-decoration: underline;\">Le parrainage civil n&#8217;a pas de valeur l\u00e9gale<\/span>, l&#8217;engagement moral que prennent les parrains et marraines reste d&#8217;ordre purement priv\u00e9.<\/em><\/span><\/p>\n<p style=\"text-align: left;\"><span style=\"color: #000000;\"><em>L\u2019acte de bapt\u00eame civil ne figurera sur aucun des registres de l\u2019\u00e9tat civil. Les certificats \u00e9ventuellement d\u00e9livr\u00e9s pour attester de la c\u00e9r\u00e9monie ne pourront \u00eatre assimil\u00e9s \u00e0 des actes de l\u2019\u00e9tat civil.<\/em><\/span><\/p>\n<p style=\"text-align: left;\"><br \/><strong><span style=\"color: #8715ad;\"><em><span style=\"color: #000000;\">Madame le Maire de Verniolle n\u2019accorde cette c\u00e9l\u00e9bration qu\u2019\u00e0 ses administr\u00e9s.<\/span><\/em><\/span><\/strong><\/p>\n<p>\u00a0<\/p>\n<h3><span style=\"color: #8715ad;\">Cas particuliers<\/span><\/h3>\n<p>L&#8217;enfant peut avoir une (ou des) marraine(s) et\/ou un (ou des) parrain(s). Ceux-ci doivent \u00eatre majeurs.<\/p>\n<p>\u00a0<\/p>\n<h3><span style=\"color: #8715ad;\">Quel est le r\u00f4le des parrains et marraines civils en cas de d\u00e9c\u00e8s des parents\u00a0?<\/span><\/h3>\n<p>En cas de d\u00e9c\u00e8s des parents, les parrains et marraines sont investis d\u2019une <span style=\"text-decoration: underline;\">responsabilit\u00e9 morale<\/span>, mais la loi civile ne leur reconna\u00eet aucun statut particulier. Ils ne sont donc pas forc\u00e9ment tuteurs de leur filleul. Le tuteur est d\u00e9sign\u00e9 par le juge de tutelle et le conseil de famille. Parrains et marraines civils et religieux n\u2019ont aucun droit. Mais on peut d\u00e9signer le parrain comme tuteur par voie de testament notari\u00e9 ou sous-seing priv\u00e9 (article 398 du code civil).<\/p>\n<p>\u00a0<\/p>\n<h3><span style=\"color: #8715ad;\">Pi\u00e8ces \u00e0 fournir :<\/span><\/h3>\n<ul style=\"list-style-type: disc;\">\n<li><a href=\"http:\/\/verniolle.fr\/wordpress\/wp-content\/uploads\/2024\/04\/Scan_20240419_112242.pdf\">Formulaire de demande de bapt\u00eame r\u00e9publicain<\/a><\/li>\n<li>Acte de naissance de l&#8217;enfant ( datant de moins de trois mois)<\/li>\n<li>Livret de famille<\/li>\n<li>Justificatif de domicile des parents, du (des) parrain(s) et de la (des) marraine(s)<\/li>\n<li>Carte nationale d&#8217;identit\u00e9 recto-verso, des parents, du (des) parrain(s) et de la (des) marraine(s)<\/li>\n<\/ul>\n<p>Pas de bapt\u00eame le dimanche.<\/p>\n<h3><strong><span style=\"color: #ff0000;\">Merci de bien vouloir ramener le dossier complet \u00e0 la mairie un mois avant la date du bapt\u00eame.<\/span><\/strong><\/h3>\n<p>\u00a0<\/p>\n<h3><span style=\"color: #8715ad;\">Le d\u00e9roulement de la c\u00e9r\u00e9monie<\/span><\/h3>\n<p>Le bapt\u00eame civil se d\u00e9roule dans la salle des mariages.<br \/><br \/>Il n\u2019y a pas de c\u00e9r\u00e9monial pr\u00e9\u00e9tabli cependant la c\u00e9r\u00e9monie se d\u00e9roule g\u00e9n\u00e9ralement comme suit\u00a0:<br \/><br \/>&#8211;\u00a0\u00a0 \u00a0Les parents et l\u2019enfant sont accueillis par le maire ou son adjoint dans la salle des mariages.<br \/><br \/>Celui-ci fait un rappel historique sur l\u2019origine de la c\u00e9r\u00e9monie, et donne lecture du document par lequel le(s) parent(s) et parrain \/ marraine s\u2019engagent.<\/p>\n<p>&#8211; Les parents, parrain(s), marraine(s) peuvent s&#8217;ils le souhaitent lire un discours.<br \/><br \/>&#8211; Le certificat de parrainage civil apr\u00e8s signature est remis aux parents ainsi qu\u2019aux parrain(s) et marraine(s).<\/p>\n","protected":false},"excerpt":{"rendered":"<p>Les valeurs du bapt\u00eame r\u00e9publicain Le parrainage civil, appel\u00e9 aussi bapt\u00eame civil ou bapt\u00eame r\u00e9publicain, consiste en une c\u00e9r\u00e9monie la\u00efque et symbolique, n&#8217;ayant aucune valeur l\u00e9gale, au cours de laquelle les marraines et\/ou parrains s&#8217;engagent moralement \u00e0 accompagner l&#8217;enfant dans son entr\u00e9e au sein de la communaut\u00e9 nationale. Le parrainage civil n&#8217;a pas de valeur [&hellip;]<\/p>\n","protected":false},"author":1,"featured_media":0,"parent":0,"menu_order":0,"comment_status":"closed","ping_status":"closed","template":"","meta":[],"_links":{"self":[{"href":"http:\/\/verniolle.fr\/wordpress\/wp-json\/wp\/v2\/pages\/7283"}],"collection":[{"href":"http:\/\/verniolle.fr\/wordpress\/wp-json\/wp\/v2\/pages"}],"about":[{"href":"http:\/\/verniolle.fr\/wordpress\/wp-json\/wp\/v2\/types\/page"}],"author":[{"embeddable":true,"href":"http:\/\/verniolle.fr\/wordpress\/wp-json\/wp\/v2\/users\/1"}],"replies":[{"embeddable":true,"href":"http:\/\/verniolle.fr\/wordpress\/wp-json\/wp\/v2\/comments?post=7283"}],"version-history":[{"count":7,"href":"http:\/\/verniolle.fr\/wordpress\/wp-json\/wp\/v2\/pages\/7283\/revisions"}],"predecessor-version":[{"id":7565,"href":"http:\/\/verniolle.fr\/wordpress\/wp-json\/wp\/v2\/pages\/7283\/revisions\/7565"}],"wp:attachment":[{"href":"http:\/\/verniolle.fr\/wordpress\/wp-json\/wp\/v2\/media?parent=7283"}],"curies":[{"name":"wp","href":"https:\/\/api.w.org\/{rel}","templated":true}]}}