{"id":52,"date":"2011-11-12T22:56:04","date_gmt":"2011-11-12T20:56:04","guid":{"rendered":"http:\/\/verniolle.mairie.free.fr\/wordpress\/?page_id=52"},"modified":"2025-07-02T11:14:16","modified_gmt":"2025-07-02T09:14:16","slug":"associations","status":"publish","type":"page","link":"http:\/\/verniolle.fr\/wordpress\/la-vie-du-village\/associations\/","title":{"rendered":"Associations"},"content":{"rendered":"\n<div class=\"wp-block-image\"><figure class=\"aligncenter size-large is-resized\"><img decoding=\"async\" loading=\"lazy\" src=\"http:\/\/verniolle.fr\/wordpress\/wp-content\/uploads\/2020\/11\/VERNIOLLE-5-1024x819.png\" alt=\"\" class=\"wp-image-5543\" width=\"454\" height=\"362\" srcset=\"http:\/\/verniolle.fr\/wordpress\/wp-content\/uploads\/2020\/11\/VERNIOLLE-5-1024x819.png 1024w, http:\/\/verniolle.fr\/wordpress\/wp-content\/uploads\/2020\/11\/VERNIOLLE-5-300x240.png 300w, http:\/\/verniolle.fr\/wordpress\/wp-content\/uploads\/2020\/11\/VERNIOLLE-5-768x614.png 768w, http:\/\/verniolle.fr\/wordpress\/wp-content\/uploads\/2020\/11\/VERNIOLLE-5-1536x1229.png 1536w, http:\/\/verniolle.fr\/wordpress\/wp-content\/uploads\/2020\/11\/VERNIOLLE-5.png 2000w\" sizes=\"(max-width: 454px) 100vw, 454px\" \/><\/figure><\/div>\n\n\n\n<h4>&nbsp;<\/h4>\n<h4 style=\"text-align: center;\"><span style=\"color: #008000;\">Sportives&nbsp;<\/span><\/h4>\n<h4 style=\"text-align: center;\"><span style=\"color: #800080;\">Culturelles<\/span><\/h4>\n<h4 style=\"text-align: center;\"><span style=\"color: #ff6600;\">Loisirs<\/span><\/h4>\n<h4 style=\"text-align: center;\"><span style=\"color: #000080;\">Animations<\/span><\/h4>\n<h4 style=\"text-align: center;\"><span style=\"color: #33cccc;\">Ecole &amp; Jeunesse<\/span><\/h4>\n<h4 style=\"text-align: center;\"><span style=\"color: #ff0000;\">Amicale<\/span><\/h4>\n<h4 style=\"text-align: center;\"><span style=\"color: #993300;\">Divers<\/span><\/h4>\n<p>&nbsp;<\/p>\n\n\n\n<h4><span style=\"color: #993300;\"><b>ACCA Chasse<\/b><\/span><\/h4>\n<p>ESPARRELL Roland \/ 05 61 60 69 36 \/ roland.esparrell@cegetel.net<\/p>\n<h4><span style=\"color: #008000;\"><b>ACV Club de Cyclisme<\/b><\/span><\/h4>\n<p>HUC Cyril \/ cyril.huc@free.fr \/ 06.04.03.03.95<\/p>\n<h4><b><span style=\"color: #993300;\">ADDA D\u00e9fense des Animaux<\/span> <\/b><\/h4>\n<p>PEREZ Lucienne \/ lulu.perez@neuf.fr \/ 06 24 85 38 97 \/\u00a0\u00a0<b><\/b><\/p>\n<h4><span style=\"color: #993300;\"><b><a href=\"http:\/\/verniolle.fr\/wordpress\/wp-content\/uploads\/2020\/11\/124808645_365312224804469_6037182640936545836_n.png\"><img decoding=\"async\" loading=\"lazy\" class=\"alignleft  wp-image-5378\" src=\"http:\/\/verniolle.fr\/wordpress\/wp-content\/uploads\/2020\/11\/124808645_365312224804469_6037182640936545836_n.png\" alt=\"\" width=\"70\" height=\"70\" srcset=\"http:\/\/verniolle.fr\/wordpress\/wp-content\/uploads\/2020\/11\/124808645_365312224804469_6037182640936545836_n.png 120w, http:\/\/verniolle.fr\/wordpress\/wp-content\/uploads\/2020\/11\/124808645_365312224804469_6037182640936545836_n-50x50.png 50w\" sizes=\"(max-width: 70px) 100vw, 70px\" \/><\/a>ADIRAPP<\/b><\/span><\/h4>\n<p>MEILLON Christian \/ cmeillon@wanadoo.fr \/ 06 33 43 51 80<\/p>\n<h4><span style=\"color: #33cccc;\"><strong>AEEMA enseignement aux enfants malades en Ari\u00e8ge <\/strong><\/span><\/h4>\n<p>ANEL Bruno \/ aaema@wanadoo.fr \/ 05 61 69 33 70 \/\u00a0 <strong><a href=\"http:\/\/www.aeema.com\/\" target=\"_blank\" rel=\"noopener noreferrer\">www.aeema.com<\/a><\/strong><\/p>\n<h4><span style=\"color: #ff6600;\"><strong>Ailes Bleues Verniollaises\u00a0<\/strong><\/span><\/h4>\n<p>BOURNET Cl\u00e9ment \/ bournet.sicit@gmail.com \/ 06 34 33 77 71 \/ <strong style=\"font-size: inherit;\"><a href=\"https:\/\/sites.google.com\/site\/lesailesbleuesverniollaises\/\" target=\"_blank\" rel=\"noopener noreferrer\">Ailes Bleues Verniollaises<\/a><\/strong><\/p>\n<h4><span style=\"color: #800080;\"><strong>\u00c0 Notre Port\u00e9e (Musique)<\/strong><\/span><\/h4>\n<p>HAMEAU \/ 06 29 21 13 06<\/p>\n<h4><span style=\"color: #ff0000;\"><strong>AMICALE des SOCIETES<\/strong><\/span><\/h4>\n<p>Beno\u00eet ROGGERO \/ benoit.roggero@orange.fr \/\u00a0<\/p>\n<h4><span style=\"color: #33cccc;\"><strong><a href=\"http:\/\/verniolle.fr\/wordpress\/wp-content\/uploads\/2020\/11\/124664900_730750000984354_1002924360096370306_n.png\"><img decoding=\"async\" loading=\"lazy\" class=\"alignleft  wp-image-5377\" src=\"http:\/\/verniolle.fr\/wordpress\/wp-content\/uploads\/2020\/11\/124664900_730750000984354_1002924360096370306_n.png\" alt=\"\" width=\"70\" height=\"70\" srcset=\"http:\/\/verniolle.fr\/wordpress\/wp-content\/uploads\/2020\/11\/124664900_730750000984354_1002924360096370306_n.png 120w, http:\/\/verniolle.fr\/wordpress\/wp-content\/uploads\/2020\/11\/124664900_730750000984354_1002924360096370306_n-50x50.png 50w\" sizes=\"(max-width: 70px) 100vw, 70px\" \/><\/a>APE Parents d&#8217;\u00c9l\u00e8ves<\/strong><\/span><\/h4>\n<p>CAMPAYO Marjorie \/ apeverniolle09@hotmail.com \/ 06 85 90 11 06 \/ <a href=\"https:\/\/www.facebook.com\/groups\/339871180459245\">https:\/\/www.facebook.com\/groups\/339871180459245<\/a><\/p>\n<h4><span style=\"color: #993300;\"><strong>APNS Protection Nuisances sonores<\/strong><\/span><\/h4>\n<p>PEREZ Lucienne \/ lulu.perez@neuf.fr \/ 06 19 16 01 57<\/p>\n<h4><span style=\"color: #800080;\"><strong>ASDP Ch\u00e2teau de Fiches<\/strong><\/span><\/h4>\n<p>BOREL Genevi\u00e8ve \/ chateaudefiches@gmail.com \/ 06 70 07 35 83 \/\u00a0<a href=\"https:\/\/www.chateaudefiches.com\/\">https:\/\/www.chateaudefiches.com\/<\/a><\/p>\n<h4><span style=\"color: #800080;\"><strong>Au Gr\u00e9 du Vent<\/strong><\/span><\/h4>\n<p>BOUBY Annie \/ alain.bouby@orange.fr \/ 06 84 69 78 80<\/p>\n<h4><span style=\"color: #993300;\"><strong>A2V Protection Environnement<\/strong><\/span><\/h4>\n<p>ROUBY\/FARAIL\u00a0 \/\u00a0 07 68 51 36 56<\/p>\n<h4><span style=\"color: #000080;\"><strong>Comit\u00e9 des F\u00eates<\/strong>\u00a0<\/span><\/h4>\n<p>DUPUY Didier \/ didier-lagardelle@wanadoo.fr \/ 05 61 68 02 07<\/p>\n<h4><span style=\"color: #800080;\"><strong>ESP\u00c9RANTO<\/strong><\/span><\/h4>\n<p>COMTE Georges \/ esperanto.ariege@free.fr \/ 04 68 60 54 17 \/\u00a0<a href=\"http:\/\/esperanto.ariege.free.fr\/\">http:\/\/esperanto.ariege.free.fr\/<\/a><\/p>\n<h4><span style=\"color: #800080;\"><strong>Feuilles d&#8217;Automne<\/strong><\/span><\/h4>\n<p>MOURLANE Dominique \/ 06 71 59 82 98<\/p>\n<h4><span style=\"color: #800080;\"><strong><span style=\"color: #008000;\">Gymnastique Volontaire Verniolle<\/span>\u00a0<\/strong><\/span><\/h4>\n<p>GUIOTTE Serge \/ serge.guiotte@wanadoo.fr \/ 06 32 35 78 85 \/\u00a0<strong><a href=\"https:\/\/sites.google.com\/site\/gymvolontaire09\/home\" target=\"_blank\" rel=\"noopener noreferrer\">gymvolontaire09\/home<\/a><\/strong><\/p>\n<h4><span style=\"color: #008000;\"><strong><a href=\"http:\/\/verniolle.fr\/wordpress\/wp-content\/uploads\/2020\/11\/12513634_10207533173720182_1555510837072910600_o.jpg\"><img decoding=\"async\" loading=\"lazy\" class=\"alignleft  wp-image-5366\" src=\"http:\/\/verniolle.fr\/wordpress\/wp-content\/uploads\/2020\/11\/12513634_10207533173720182_1555510837072910600_o.jpg\" alt=\"\" width=\"70\" height=\"71\" srcset=\"http:\/\/verniolle.fr\/wordpress\/wp-content\/uploads\/2020\/11\/12513634_10207533173720182_1555510837072910600_o.jpg 2032w, http:\/\/verniolle.fr\/wordpress\/wp-content\/uploads\/2020\/11\/12513634_10207533173720182_1555510837072910600_o-298x300.jpg 298w, http:\/\/verniolle.fr\/wordpress\/wp-content\/uploads\/2020\/11\/12513634_10207533173720182_1555510837072910600_o-1016x1024.jpg 1016w, http:\/\/verniolle.fr\/wordpress\/wp-content\/uploads\/2020\/11\/12513634_10207533173720182_1555510837072910600_o-150x150.jpg 150w, http:\/\/verniolle.fr\/wordpress\/wp-content\/uploads\/2020\/11\/12513634_10207533173720182_1555510837072910600_o-768x774.jpg 768w, http:\/\/verniolle.fr\/wordpress\/wp-content\/uploads\/2020\/11\/12513634_10207533173720182_1555510837072910600_o-1524x1536.jpg 1524w, http:\/\/verniolle.fr\/wordpress\/wp-content\/uploads\/2020\/11\/12513634_10207533173720182_1555510837072910600_o-144x144.jpg 144w, http:\/\/verniolle.fr\/wordpress\/wp-content\/uploads\/2020\/11\/12513634_10207533173720182_1555510837072910600_o-50x50.jpg 50w\" sizes=\"(max-width: 70px) 100vw, 70px\" \/><\/a>KARAT\u00c9 CLUB<\/strong>\u00a0<\/span><\/h4>\n<p>METGE S\u00e9bastien \/ contact@karate-verniolle.fr \/ 06 81 50 48 90 \/ <strong><a href=\"http:\/\/www.karate-verniolle.fr\/\" target=\"_blank\" rel=\"noopener noreferrer\">www.karate-verniolle.fr\/<\/a><\/strong><\/p>\n<h4><span style=\"color: #800080;\"><strong>La Rando des Artistes<\/strong><\/span><\/h4>\n<p>FARAIL Roselyne \/ contact@larandodesartistes.fr \/ 06 33 24 89 60 \/\u00a0<b><i><\/i><\/b><\/p>\n<h4 style=\"text-align: left;\"><span style=\"color: #800080;\"><strong><a href=\"http:\/\/verniolle.fr\/wordpress\/wp-content\/uploads\/2020\/11\/123879017_2719432451629732_1956776431465249967_n.jpg\"><img decoding=\"async\" loading=\"lazy\" class=\"alignleft  wp-image-5375\" src=\"http:\/\/verniolle.fr\/wordpress\/wp-content\/uploads\/2020\/11\/123879017_2719432451629732_1956776431465249967_n.jpg\" alt=\"\" width=\"70\" height=\"70\" srcset=\"http:\/\/verniolle.fr\/wordpress\/wp-content\/uploads\/2020\/11\/123879017_2719432451629732_1956776431465249967_n.jpg 280w, http:\/\/verniolle.fr\/wordpress\/wp-content\/uploads\/2020\/11\/123879017_2719432451629732_1956776431465249967_n-150x150.jpg 150w, http:\/\/verniolle.fr\/wordpress\/wp-content\/uploads\/2020\/11\/123879017_2719432451629732_1956776431465249967_n-144x144.jpg 144w, http:\/\/verniolle.fr\/wordpress\/wp-content\/uploads\/2020\/11\/123879017_2719432451629732_1956776431465249967_n-50x50.jpg 50w\" sizes=\"(max-width: 70px) 100vw, 70px\" \/><\/a>Les Amis de Poche\u00a0<\/strong><\/span><\/h4>\n<p>MOURLANE Dominique \/ amisdepoche@relaisdepoche.org \/ 06 71 59 82 98 \/ <a href=\"https:\/\/www.facebook.com\/Association-Les-Amis-de-Poche-1677299399238987\/\">https:\/\/www.facebook.com\/Association-Les-Amis-de-Poche-1677299399238987\/<\/a><\/p>\n<h4><span style=\"color: #800080;\"><strong>1,2,3 SOLEIL<\/strong><\/span><\/h4>\n<p>MOURLANE Dominique \/ 123soleil@relaisdepoche.org \/ 06 71 59 82 98<\/p>\n<h4><span style=\"color: #800080;\"><strong>Les Amis des Arts<\/strong><\/span><\/h4>\n<p>CHINAUD Martine \/ chinaud.bernard@orange.fr \/ 05 61 67 66 39 \/ <a href=\"https:\/\/www.facebook.com\/Association-Les-Amis-de-Poche-1677299399238987\/\">https:\/\/www.facebook.com\/Association-Les-Amis-de-Poche-1677299399238987\/<\/a><\/p>\n<h4><span style=\"color: #000080;\"><strong>Les Spyros<\/strong><\/span><\/h4>\n<p>RICARD Thomas \/ les.spyros@laposte.net \/ 06 38 61 19 06<\/p>\n<h4><span style=\"color: #ff6600;\"><strong>LOISIRS VERNIOLLAIS<\/strong><\/span><\/h4>\n<p>CALMONT Daniel \/ daniel.calmont@orange.fr \/ 06 77 05 51 18<\/p>\n<h4><span style=\"color: #008000;\"><strong>P\u00e9tanque Verniollaise<\/strong><\/span><\/h4>\n<p>BORDENAVE William \/ petanqueverniollaise@gmail.com \/ 06 35 52 05 15<\/p>\n<h4><span style=\"color: #800080;\"><strong>RAIDELLES\u00a0<\/strong><\/span><\/h4>\n<p>NACRY Laure \/ laure.nacry@orange.fr \/ 06 30 23 21 49<\/p>\n<h4><span style=\"color: #800080;\"><strong><a href=\"http:\/\/verniolle.fr\/wordpress\/wp-content\/uploads\/2020\/11\/124589002_409843910040503_428736892902387215_n.jpg\"><img decoding=\"async\" loading=\"lazy\" class=\"alignleft  wp-image-5373\" src=\"http:\/\/verniolle.fr\/wordpress\/wp-content\/uploads\/2020\/11\/124589002_409843910040503_428736892902387215_n.jpg\" alt=\"\" width=\"70\" height=\"70\" srcset=\"http:\/\/verniolle.fr\/wordpress\/wp-content\/uploads\/2020\/11\/124589002_409843910040503_428736892902387215_n.jpg 280w, http:\/\/verniolle.fr\/wordpress\/wp-content\/uploads\/2020\/11\/124589002_409843910040503_428736892902387215_n-150x150.jpg 150w, http:\/\/verniolle.fr\/wordpress\/wp-content\/uploads\/2020\/11\/124589002_409843910040503_428736892902387215_n-144x144.jpg 144w, http:\/\/verniolle.fr\/wordpress\/wp-content\/uploads\/2020\/11\/124589002_409843910040503_428736892902387215_n-50x50.jpg 50w\" sizes=\"(max-width: 70px) 100vw, 70px\" \/><\/a>REV Petite Universit\u00e9 Populaire<\/strong><\/span><\/h4>\n<p>JARDIN Emmanuel \/ revverniolle09@gmail.com \/ 06 77 26 07 35 \/ <strong><a href=\"https:\/\/www.facebook.com\/revverniolle\/\" target=\"_blank\" rel=\"noopener noreferrer\">R.E.V.<\/a><\/strong><\/p>\n<h4><span style=\"color: #ff6600;\"><strong>Scrabble Club<\/strong><\/span><\/h4>\n<p>CHAIGNARD Lucette \/ lucette.chaignard09@orange.fr \/ 06 81 22 09 82<\/p>\n<h4 style=\"text-align: left;\"><span style=\"color: #008000;\"><strong><a href=\"http:\/\/verniolle.fr\/wordpress\/wp-content\/uploads\/2020\/11\/26219786_742199652642286_8096579726263487671_n.jpg\"><img decoding=\"async\" loading=\"lazy\" class=\"alignleft  wp-image-5371\" src=\"http:\/\/verniolle.fr\/wordpress\/wp-content\/uploads\/2020\/11\/26219786_742199652642286_8096579726263487671_n.jpg\" alt=\"\" width=\"70\" height=\"70\" srcset=\"http:\/\/verniolle.fr\/wordpress\/wp-content\/uploads\/2020\/11\/26219786_742199652642286_8096579726263487671_n.jpg 422w, http:\/\/verniolle.fr\/wordpress\/wp-content\/uploads\/2020\/11\/26219786_742199652642286_8096579726263487671_n-300x300.jpg 300w, http:\/\/verniolle.fr\/wordpress\/wp-content\/uploads\/2020\/11\/26219786_742199652642286_8096579726263487671_n-150x150.jpg 150w, http:\/\/verniolle.fr\/wordpress\/wp-content\/uploads\/2020\/11\/26219786_742199652642286_8096579726263487671_n-144x144.jpg 144w, http:\/\/verniolle.fr\/wordpress\/wp-content\/uploads\/2020\/11\/26219786_742199652642286_8096579726263487671_n-50x50.jpg 50w\" sizes=\"(max-width: 70px) 100vw, 70px\" \/><\/a>TCV Tennis\u00a0<\/strong><\/span><\/h4>\n<p>RIGAL \u00c9ric \/ cls@ville-pamiers.fr. \/ 06 07 15 42 65 \/\u00a0 <strong><a href=\"https:\/\/www.facebook.com\/Tennis-Club-Verniolle-183839998478257\/timeline\/\" target=\"_blank\" rel=\"noopener noreferrer\">Tennis Club Verniollais<\/a><\/strong><\/p>\n<h4><span style=\"color: #800080;\"><strong>Th\u00e9atre des Cinq Jardins\u00a0<\/strong><\/span><\/h4>\n<p>DUFOUR Elisabeth \/ theatredescinqjardins&amp;gmail.com \/ 06 20 02 10 31<\/p>\n<h4><b><span style=\"color: #993300;\">TRAVERSE<\/span><\/b><\/h4>\n<p>MARQUESTAUT Sophie \/ safiatou2001@yahoo.fr \/\u00a0<a href=\"https:\/\/www.asso-traverse.org\/\">https:\/\/www.asso-traverse.org\/<\/a> \/\u00a0<a href=\"https:\/\/www.facebook.com\/assotraverse\/\">https:\/\/www.facebook.com\/assotraverse\/<\/a><\/p>\n<h4><span style=\"color: #008000;\"><strong>USCV Rugby XV<\/strong><\/span><\/h4>\n<p>D\u00c9JEAN R\u00e9my (Pr\u00e9sident) \/ karine.dejean@orange.fr \/ 06 81 88 55 43 \/ PAULY Claude (Vice Pr\u00e9sident) \/ paulyclaudeisa@gmail.com \/ 06 72 47 61 46 \/ <a href=\"https:\/\/www.uscv-rugby.com\/\">https:\/\/www.uscv-rugby.com\/<\/a><\/p>\n<h4><span style=\"color: #008000;\"><strong><span style=\"font-size: inherit;\">USV V\u00e9t\u00e9rans Foot\u00a0<\/span><\/strong><\/span><\/h4>\n<p>VIGNOLES Fr\u00e9d\u00e9ric (pr\u00e9sident) \/ fvignoles@outlook.fr \/ 06 48 20 35 51 \/ DEL PONTE David (secr\u00e9taire) \/ 06 70 57 91 58<\/p>\n<h4><span style=\"color: #ff6600;\"><strong><a href=\"http:\/\/verniolle.fr\/wordpress\/wp-content\/uploads\/2020\/11\/19702333_210322416161492_1482628634297731237_n.jpg\"><img decoding=\"async\" loading=\"lazy\" class=\"alignleft  wp-image-5369\" src=\"http:\/\/verniolle.fr\/wordpress\/wp-content\/uploads\/2020\/11\/19702333_210322416161492_1482628634297731237_n.jpg\" alt=\"\" width=\"70\" height=\"70\" srcset=\"http:\/\/verniolle.fr\/wordpress\/wp-content\/uploads\/2020\/11\/19702333_210322416161492_1482628634297731237_n.jpg 433w, http:\/\/verniolle.fr\/wordpress\/wp-content\/uploads\/2020\/11\/19702333_210322416161492_1482628634297731237_n-300x300.jpg 300w, http:\/\/verniolle.fr\/wordpress\/wp-content\/uploads\/2020\/11\/19702333_210322416161492_1482628634297731237_n-150x150.jpg 150w, http:\/\/verniolle.fr\/wordpress\/wp-content\/uploads\/2020\/11\/19702333_210322416161492_1482628634297731237_n-144x144.jpg 144w, http:\/\/verniolle.fr\/wordpress\/wp-content\/uploads\/2020\/11\/19702333_210322416161492_1482628634297731237_n-50x50.jpg 50w\" sizes=\"(max-width: 70px) 100vw, 70px\" \/><\/a>VAL Verniolle Activit\u00e9s Loisirs<\/strong><\/span><\/h4>\n<p>COUTHON Patricia \/ pat.cd@free.fr \/ 07 81 50 75 43 \/ <strong><a href=\"http:\/\/verniolleloisirs.fr\/\" target=\"_blank\" rel=\"noopener noreferrer\">verniolleloisirs.fr<\/a><\/strong><\/p>\n<h4><span style=\"color: #008000;\"><strong><a href=\"http:\/\/verniolle.fr\/wordpress\/wp-content\/uploads\/2020\/11\/124664206_375307773816869_3512985429848706691_n.jpg\"><img decoding=\"async\" loading=\"lazy\" class=\"alignleft  wp-image-5374\" src=\"http:\/\/verniolle.fr\/wordpress\/wp-content\/uploads\/2020\/11\/124664206_375307773816869_3512985429848706691_n.jpg\" alt=\"\" width=\"70\" height=\"70\" srcset=\"http:\/\/verniolle.fr\/wordpress\/wp-content\/uploads\/2020\/11\/124664206_375307773816869_3512985429848706691_n.jpg 280w, http:\/\/verniolle.fr\/wordpress\/wp-content\/uploads\/2020\/11\/124664206_375307773816869_3512985429848706691_n-150x150.jpg 150w, http:\/\/verniolle.fr\/wordpress\/wp-content\/uploads\/2020\/11\/124664206_375307773816869_3512985429848706691_n-144x144.jpg 144w, http:\/\/verniolle.fr\/wordpress\/wp-content\/uploads\/2020\/11\/124664206_375307773816869_3512985429848706691_n-50x50.jpg 50w\" sizes=\"(max-width: 70px) 100vw, 70px\" \/><\/a>Verniolle Danses<\/strong><\/span><\/h4>\n<p>NAVARRO Jean-Vincent \/ assoverniolledanses@gmail.com \/ 06 80 01 34 22 \/<strong><a href=\"http:\/\/www.ariegedanses.com\/\" target=\"_blank\" rel=\"noopener noreferrer\">www.ariegedanses.com\/<\/a><\/strong><\/p>\n<h4><span style=\"color: #ff0000;\"><strong>Vivre et Sourire : Club des A\u00een\u00e9s<\/strong><\/span><\/h4>\n<p>MARIE Marie-France \/ guymarie09@orange.fr \/ 06 87 20 68 80<\/p>\n<p>\u00a0<\/p>\n<p>\u00a0<\/p>\n<p>\u00a0<\/p>\n<p>\u00a0<\/p>\n<p>\u00a0<\/p>\n","protected":false},"excerpt":{"rendered":"<p>&nbsp; Sportives&nbsp; Culturelles Loisirs Animations Ecole &amp; Jeunesse Amicale Divers &nbsp; ACCA Chasse ESPARRELL Roland \/ 05 61 60 69 36 \/ roland.esparrell@cegetel.net ACV Club de Cyclisme HUC Cyril \/ cyril.huc@free.fr \/ 06.04.03.03.95 ADDA D\u00e9fense des Animaux PEREZ Lucienne \/ lulu.perez@neuf.fr \/ 06 24 85 38 97 \/\u00a0\u00a0 ADIRAPP MEILLON Christian \/ cmeillon@wanadoo.fr \/ 06 [&hellip;]<\/p>\n","protected":false},"author":3,"featured_media":0,"parent":41,"menu_order":0,"comment_status":"closed","ping_status":"closed","template":"","meta":[],"_links":{"self":[{"href":"http:\/\/verniolle.fr\/wordpress\/wp-json\/wp\/v2\/pages\/52"}],"collection":[{"href":"http:\/\/verniolle.fr\/wordpress\/wp-json\/wp\/v2\/pages"}],"about":[{"href":"http:\/\/verniolle.fr\/wordpress\/wp-json\/wp\/v2\/types\/page"}],"author":[{"embeddable":true,"href":"http:\/\/verniolle.fr\/wordpress\/wp-json\/wp\/v2\/users\/3"}],"replies":[{"embeddable":true,"href":"http:\/\/verniolle.fr\/wordpress\/wp-json\/wp\/v2\/comments?post=52"}],"version-history":[{"count":123,"href":"http:\/\/verniolle.fr\/wordpress\/wp-json\/wp\/v2\/pages\/52\/revisions"}],"predecessor-version":[{"id":8502,"href":"http:\/\/verniolle.fr\/wordpress\/wp-json\/wp\/v2\/pages\/52\/revisions\/8502"}],"up":[{"embeddable":true,"href":"http:\/\/verniolle.fr\/wordpress\/wp-json\/wp\/v2\/pages\/41"}],"wp:attachment":[{"href":"http:\/\/verniolle.fr\/wordpress\/wp-json\/wp\/v2\/media?parent=52"}],"curies":[{"name":"wp","href":"https:\/\/api.w.org\/{rel}","templated":true}]}}