{"id":2244,"date":"2015-07-27T11:58:20","date_gmt":"2015-07-27T10:58:20","guid":{"rendered":"http:\/\/verniolle.fr\/wordpress\/?page_id=2244"},"modified":"2020-11-09T17:04:11","modified_gmt":"2020-11-09T15:04:11","slug":"commission-des-associations","status":"publish","type":"page","link":"http:\/\/verniolle.fr\/wordpress\/commission-des-associations\/","title":{"rendered":"Commission des Associations"},"content":{"rendered":"<h4 style=\"text-align: center;\">\u00a0La Mairie de Verniolle,<\/h4>\n<h4 style=\"text-align: center;\">La Commission Vie Associative,<\/h4>\n<h4 style=\"text-align: center;\">Jeunesse, Communication<\/h4>\n<h4 style=\"text-align: center;\">Les Associations Verniollaises<\/h4>\n<p style=\"text-align: center;\">\u00a0 <span style=\"background-color: #ff6600; color: #ffffff;\">\u00a0 vous ont pr\u00e9sent\u00e9 le forum des associations\u00a0\u00a0<\/span><\/p>\n<p style=\"text-align: center;\"><span style=\"background-color: #ff6600; color: #ffffff;\">\u00a0 le DIMANCHE 6 SEPTEMBRE 2020 sur la Place Adelin Moulis.\u00a0\u00a0<\/span><\/p>\n<p style=\"text-align: center;\">Le rendez-vous incontournable de la rentr\u00e9e, qui a permis de d\u00e9couvrir<\/p>\n<p style=\"text-align: center;\">toutes les activit\u00e9s et de rencontrer le milieu associatif verniollais.<\/p>\n\n\n<div class=\"wp-block-image\"><figure class=\"aligncenter size-large is-resized\"><img decoding=\"async\" loading=\"lazy\" src=\"http:\/\/verniolle.fr\/wordpress\/wp-content\/uploads\/2020\/09\/Forum-des-associations-724x1024.png\" alt=\"\" class=\"wp-image-5195\" width=\"378\" height=\"534\" srcset=\"http:\/\/verniolle.fr\/wordpress\/wp-content\/uploads\/2020\/09\/Forum-des-associations-724x1024.png 724w, http:\/\/verniolle.fr\/wordpress\/wp-content\/uploads\/2020\/09\/Forum-des-associations-212x300.png 212w, http:\/\/verniolle.fr\/wordpress\/wp-content\/uploads\/2020\/09\/Forum-des-associations-768x1086.png 768w, http:\/\/verniolle.fr\/wordpress\/wp-content\/uploads\/2020\/09\/Forum-des-associations-1086x1536.png 1086w, http:\/\/verniolle.fr\/wordpress\/wp-content\/uploads\/2020\/09\/Forum-des-associations-1448x2048.png 1448w, http:\/\/verniolle.fr\/wordpress\/wp-content\/uploads\/2020\/09\/Forum-des-associations.png 1587w\" sizes=\"(max-width: 378px) 100vw, 378px\" \/><\/figure><\/div>\n\n\n\n<div class=\"wp-block-image\"><figure class=\"aligncenter size-large is-resized\"><img decoding=\"async\" loading=\"lazy\" src=\"http:\/\/verniolle.fr\/wordpress\/wp-content\/uploads\/2020\/11\/124278518_359806945089942_8871776065810687194_n.jpg\" alt=\"\" class=\"wp-image-5393\" width=\"377\" height=\"283\" srcset=\"http:\/\/verniolle.fr\/wordpress\/wp-content\/uploads\/2020\/11\/124278518_359806945089942_8871776065810687194_n.jpg 373w, http:\/\/verniolle.fr\/wordpress\/wp-content\/uploads\/2020\/11\/124278518_359806945089942_8871776065810687194_n-300x225.jpg 300w\" sizes=\"(max-width: 377px) 100vw, 377px\" \/><figcaption>Salle Culturelle<\/figcaption><\/figure><\/div>\n\n\n\n<div class=\"wp-block-image\"><figure class=\"aligncenter size-large\"><img decoding=\"async\" loading=\"lazy\" width=\"373\" height=\"280\" src=\"http:\/\/verniolle.fr\/wordpress\/wp-content\/uploads\/2020\/11\/124586692_850114915726298_6383878976015562851_n.jpg\" alt=\"\" class=\"wp-image-5390\" srcset=\"http:\/\/verniolle.fr\/wordpress\/wp-content\/uploads\/2020\/11\/124586692_850114915726298_6383878976015562851_n.jpg 373w, http:\/\/verniolle.fr\/wordpress\/wp-content\/uploads\/2020\/11\/124586692_850114915726298_6383878976015562851_n-300x225.jpg 300w\" sizes=\"(max-width: 373px) 100vw, 373px\" \/><\/figure><\/div>\n\n\n\n<div class=\"wp-block-image\"><figure class=\"aligncenter size-large\"><img decoding=\"async\" loading=\"lazy\" width=\"373\" height=\"280\" src=\"http:\/\/verniolle.fr\/wordpress\/wp-content\/uploads\/2020\/11\/124293264_3410339095749787_4163459887984985870_n.jpg\" alt=\"\" class=\"wp-image-5394\" srcset=\"http:\/\/verniolle.fr\/wordpress\/wp-content\/uploads\/2020\/11\/124293264_3410339095749787_4163459887984985870_n.jpg 373w, http:\/\/verniolle.fr\/wordpress\/wp-content\/uploads\/2020\/11\/124293264_3410339095749787_4163459887984985870_n-300x225.jpg 300w\" sizes=\"(max-width: 373px) 100vw, 373px\" \/><\/figure><\/div>\n\n\n\n<div class=\"wp-block-image\"><figure class=\"aligncenter size-large\"><img decoding=\"async\" loading=\"lazy\" width=\"373\" height=\"280\" src=\"http:\/\/verniolle.fr\/wordpress\/wp-content\/uploads\/2020\/11\/124353759_379499816528124_3517509436894692173_n.jpg\" alt=\"\" class=\"wp-image-5396\" srcset=\"http:\/\/verniolle.fr\/wordpress\/wp-content\/uploads\/2020\/11\/124353759_379499816528124_3517509436894692173_n.jpg 373w, http:\/\/verniolle.fr\/wordpress\/wp-content\/uploads\/2020\/11\/124353759_379499816528124_3517509436894692173_n-300x225.jpg 300w\" sizes=\"(max-width: 373px) 100vw, 373px\" \/><\/figure><\/div>\n\n\n\n<div class=\"wp-block-image\"><figure class=\"aligncenter size-large\"><img decoding=\"async\" loading=\"lazy\" width=\"373\" height=\"280\" src=\"http:\/\/verniolle.fr\/wordpress\/wp-content\/uploads\/2020\/11\/124310945_3347757808653256_8367009890828691892_n.jpg\" alt=\"\" class=\"wp-image-5395\" srcset=\"http:\/\/verniolle.fr\/wordpress\/wp-content\/uploads\/2020\/11\/124310945_3347757808653256_8367009890828691892_n.jpg 373w, http:\/\/verniolle.fr\/wordpress\/wp-content\/uploads\/2020\/11\/124310945_3347757808653256_8367009890828691892_n-300x225.jpg 300w\" sizes=\"(max-width: 373px) 100vw, 373px\" \/><\/figure><\/div>\n\n\n\n<div class=\"wp-block-image\"><figure class=\"aligncenter size-large\"><img decoding=\"async\" loading=\"lazy\" width=\"566\" height=\"280\" src=\"http:\/\/verniolle.fr\/wordpress\/wp-content\/uploads\/2020\/11\/124559955_419933359395679_471753276733665927_n.jpg\" alt=\"\" class=\"wp-image-5391\" srcset=\"http:\/\/verniolle.fr\/wordpress\/wp-content\/uploads\/2020\/11\/124559955_419933359395679_471753276733665927_n.jpg 566w, http:\/\/verniolle.fr\/wordpress\/wp-content\/uploads\/2020\/11\/124559955_419933359395679_471753276733665927_n-300x148.jpg 300w\" sizes=\"(max-width: 566px) 100vw, 566px\" \/><\/figure><\/div>\n\n\n\n<div class=\"wp-block-image\"><figure class=\"aligncenter size-large\"><img decoding=\"async\" loading=\"lazy\" width=\"497\" height=\"280\" src=\"http:\/\/verniolle.fr\/wordpress\/wp-content\/uploads\/2020\/11\/124173527_284971686165943_2048951222967997047_n.jpg\" alt=\"\" class=\"wp-image-5392\" srcset=\"http:\/\/verniolle.fr\/wordpress\/wp-content\/uploads\/2020\/11\/124173527_284971686165943_2048951222967997047_n.jpg 497w, http:\/\/verniolle.fr\/wordpress\/wp-content\/uploads\/2020\/11\/124173527_284971686165943_2048951222967997047_n-300x169.jpg 300w\" sizes=\"(max-width: 497px) 100vw, 497px\" \/><\/figure><\/div>\n\n\n\n<div class=\"wp-block-image\"><figure class=\"aligncenter\"><img alt=\"\"\/><\/figure><\/div>\n","protected":false},"excerpt":{"rendered":"<p>\u00a0La Mairie de Verniolle, La Commission Vie Associative, Jeunesse, Communication Les Associations Verniollaises \u00a0 \u00a0 vous ont pr\u00e9sent\u00e9 le forum des associations\u00a0\u00a0 \u00a0 le DIMANCHE 6 SEPTEMBRE 2020 sur la Place Adelin Moulis.\u00a0\u00a0 Le rendez-vous incontournable de la rentr\u00e9e, qui a permis de d\u00e9couvrir toutes les activit\u00e9s et de rencontrer le milieu associatif verniollais.<\/p>\n","protected":false},"author":3,"featured_media":0,"parent":0,"menu_order":0,"comment_status":"closed","ping_status":"closed","template":"","meta":[],"_links":{"self":[{"href":"http:\/\/verniolle.fr\/wordpress\/wp-json\/wp\/v2\/pages\/2244"}],"collection":[{"href":"http:\/\/verniolle.fr\/wordpress\/wp-json\/wp\/v2\/pages"}],"about":[{"href":"http:\/\/verniolle.fr\/wordpress\/wp-json\/wp\/v2\/types\/page"}],"author":[{"embeddable":true,"href":"http:\/\/verniolle.fr\/wordpress\/wp-json\/wp\/v2\/users\/3"}],"replies":[{"embeddable":true,"href":"http:\/\/verniolle.fr\/wordpress\/wp-json\/wp\/v2\/comments?post=2244"}],"version-history":[{"count":17,"href":"http:\/\/verniolle.fr\/wordpress\/wp-json\/wp\/v2\/pages\/2244\/revisions"}],"predecessor-version":[{"id":5401,"href":"http:\/\/verniolle.fr\/wordpress\/wp-json\/wp\/v2\/pages\/2244\/revisions\/5401"}],"wp:attachment":[{"href":"http:\/\/verniolle.fr\/wordpress\/wp-json\/wp\/v2\/media?parent=2244"}],"curies":[{"name":"wp","href":"https:\/\/api.w.org\/{rel}","templated":true}]}}