{"id":2065,"date":"2015-07-05T07:30:30","date_gmt":"2015-07-05T06:30:30","guid":{"rendered":"http:\/\/verniolle.fr\/wordpress\/?page_id=2065"},"modified":"2017-03-23T09:08:42","modified_gmt":"2017-03-23T07:08:42","slug":"les-travaux","status":"publish","type":"page","link":"http:\/\/verniolle.fr\/wordpress\/les-travaux\/","title":{"rendered":"Les travaux"},"content":{"rendered":"<p><strong>Travaux r\u00e9alis\u00e9s en 2016 et 2017<\/strong><\/p>\n<p>Travaux aux \u00e9coles : <a href=\"http:\/\/verniolle.fr\/wordpress\/ecoles\/\">voir la page<\/a><\/p>\n<p>Agrandissement du cimeti\u00e8re\u00a0<a href=\"http:\/\/verniolle.fr\/wordpress\/wp-content\/uploads\/2015\/07\/IMG_20170102_113427.jpg\"><img decoding=\"async\" loading=\"lazy\" class=\"aligncenter wp-image-3360 size-thumbnail\" src=\"http:\/\/verniolle.fr\/wordpress\/wp-content\/uploads\/2015\/07\/IMG_20170102_113427-150x150.jpg\" alt=\"Le cimeti\u00e8re\" width=\"150\" height=\"150\" srcset=\"http:\/\/verniolle.fr\/wordpress\/wp-content\/uploads\/2015\/07\/IMG_20170102_113427-150x150.jpg 150w, http:\/\/verniolle.fr\/wordpress\/wp-content\/uploads\/2015\/07\/IMG_20170102_113427-144x144.jpg 144w\" sizes=\"(max-width: 150px) 100vw, 150px\" \/><\/a><\/p>\n<p>Voirie au Mied des Vignes : <a href=\"http:\/\/verniolle.fr\/wordpress\/2016\/09\/13\/debut-des-travaux-de-voirie\/\">voir l&#8217;article<\/a><\/p>\n<p>Avancement des travaux \u00e0 l&#8217;\u00e9cole \u00e9l\u00e9mentaire : <a href=\"http:\/\/verniolle.fr\/wordpress\/2016\/04\/20\/travaux\/\">voir l&#8217;article d&#8217;avril 2016<\/a><\/p>\n<p><strong>Exercice 2015<\/strong><br \/>\n<strong>En cours (~74 000 \u20ac \u00e0 la charge de la commune)<\/strong><br \/>\nRue de la Treille<br \/>\nImp du Garel et Imp du Cazal<br \/>\nChemin de la plaine<\/p>\n<div id=\"attachment_3372\" style=\"width: 484px\" class=\"wp-caption aligncenter\"><a href=\"http:\/\/verniolle.fr\/wordpress\/wp-content\/uploads\/2015\/07\/plhotelruecarr.jpg\"><img aria-describedby=\"caption-attachment-3372\" decoding=\"async\" loading=\"lazy\" class=\"size-large wp-image-3372\" src=\"http:\/\/verniolle.fr\/wordpress\/wp-content\/uploads\/2015\/07\/plhotelruecarr-1024x602.jpg\" alt=\"Travaux juillet 2015\" width=\"474\" height=\"279\" srcset=\"http:\/\/verniolle.fr\/wordpress\/wp-content\/uploads\/2015\/07\/plhotelruecarr-1024x602.jpg 1024w, http:\/\/verniolle.fr\/wordpress\/wp-content\/uploads\/2015\/07\/plhotelruecarr-300x176.jpg 300w, http:\/\/verniolle.fr\/wordpress\/wp-content\/uploads\/2015\/07\/plhotelruecarr-768x452.jpg 768w, http:\/\/verniolle.fr\/wordpress\/wp-content\/uploads\/2015\/07\/plhotelruecarr.jpg 1631w\" sizes=\"(max-width: 474px) 100vw, 474px\" \/><\/a><p id=\"caption-attachment-3372\" class=\"wp-caption-text\">Pl. de l&#8217;H\u00f4tel de Ville, Rue de la petite Carri\u00e8re.\u00a0Travaux juillet 2015<\/p><\/div>\n<p><strong>En projet<\/strong><br \/>\nD\u00e9viation de derri\u00e8re le Ch\u00e2teau<a href=\"http:\/\/verniolle.fr\/wordpress\/wp-content\/uploads\/2015\/07\/IMG_4693.jpg\"><img decoding=\"async\" loading=\"lazy\" class=\"aligncenter size-thumbnail wp-image-3362\" src=\"http:\/\/verniolle.fr\/wordpress\/wp-content\/uploads\/2015\/07\/IMG_4693-150x150.jpg\" alt=\"Chemin de derri\u00e8re le Ch\u00e2teau\" width=\"150\" height=\"150\" srcset=\"http:\/\/verniolle.fr\/wordpress\/wp-content\/uploads\/2015\/07\/IMG_4693-150x150.jpg 150w, http:\/\/verniolle.fr\/wordpress\/wp-content\/uploads\/2015\/07\/IMG_4693-144x144.jpg 144w\" sizes=\"(max-width: 150px) 100vw, 150px\" \/><\/a><\/p>\n<p><strong>R\u00e9alis\u00e9s en 2014 :<br \/>\n<\/strong><br \/>\nLes salles<\/p>\n<table style=\"height: 37px;\" border=\"4\" width=\"639\">\n<tbody>\n<tr>\n<td>Salle Culturelle<\/td>\n<td>Ancienne Mairie<\/td>\n<td>Foyer Rural<\/td>\n<\/tr>\n<tr>\n<td style=\"text-align: center;\">En cours de r\u00e9alisation<\/td>\n<td style=\"text-align: center;\">Avant<\/td>\n<td style=\"text-align: center;\">Accessibilit\u00e9<\/td>\n<\/tr>\n<tr>\n<td style=\"text-align: center; vertical-align: top;\"><a href=\"http:\/\/verniolle.fr\/wordpress\/wp-content\/uploads\/2015\/07\/salle_culturelle.jpg\"><img decoding=\"async\" loading=\"lazy\" class=\"alignnone size-thumbnail wp-image-2068\" src=\"http:\/\/verniolle.fr\/wordpress\/wp-content\/uploads\/2015\/07\/salle_culturelle-150x150.jpg\" alt=\"Salle culturelle\" width=\"150\" height=\"150\" srcset=\"http:\/\/verniolle.fr\/wordpress\/wp-content\/uploads\/2015\/07\/salle_culturelle-150x150.jpg 150w, http:\/\/verniolle.fr\/wordpress\/wp-content\/uploads\/2015\/07\/salle_culturelle-50x50.jpg 50w\" sizes=\"(max-width: 150px) 100vw, 150px\" \/><\/a><\/td>\n<td style=\"text-align: center; vertical-align: top;\"><a href=\"http:\/\/verniolle.fr\/wordpress\/wp-content\/uploads\/2015\/07\/anc_mairie1.jpg\"><img decoding=\"async\" loading=\"lazy\" class=\"aligncenter wp-image-2066 size-thumbnail\" src=\"http:\/\/verniolle.fr\/wordpress\/wp-content\/uploads\/2015\/07\/anc_mairie1-150x150.jpg\" alt=\"Ancienne mairie avant\" width=\"150\" height=\"150\" srcset=\"http:\/\/verniolle.fr\/wordpress\/wp-content\/uploads\/2015\/07\/anc_mairie1-150x150.jpg 150w, http:\/\/verniolle.fr\/wordpress\/wp-content\/uploads\/2015\/07\/anc_mairie1-50x50.jpg 50w\" sizes=\"(max-width: 150px) 100vw, 150px\" \/><\/a><\/td>\n<td style=\"text-align: center; vertical-align: top;\"><a href=\"http:\/\/verniolle.fr\/wordpress\/wp-content\/uploads\/2015\/07\/fr01.jpg\"><img decoding=\"async\" loading=\"lazy\" class=\"alignnone size-thumbnail wp-image-2069\" src=\"http:\/\/verniolle.fr\/wordpress\/wp-content\/uploads\/2015\/07\/fr01-150x150.jpg\" alt=\"Foyer rural - Fa\u00e7ade\" width=\"150\" height=\"150\" srcset=\"http:\/\/verniolle.fr\/wordpress\/wp-content\/uploads\/2015\/07\/fr01-150x150.jpg 150w, http:\/\/verniolle.fr\/wordpress\/wp-content\/uploads\/2015\/07\/fr01-50x50.jpg 50w\" sizes=\"(max-width: 150px) 100vw, 150px\" \/><\/a><\/td>\n<\/tr>\n<tr>\n<td style=\"text-align: center;\">En autofinancement&#8230;<\/td>\n<td style=\"text-align: center;\">Maintenant<\/td>\n<td style=\"text-align: center;\">Les toilettes sont refaites aux normes<\/td>\n<\/tr>\n<tr>\n<td style=\"text-align: center;\">&#8230;au fur et \u00e0 mesure des possibilit\u00e9s financi\u00e8res.<\/td>\n<td style=\"text-align: center;\"><a href=\"http:\/\/verniolle.fr\/wordpress\/wp-content\/uploads\/2015\/07\/anc_mairie2.jpg\"><img decoding=\"async\" loading=\"lazy\" class=\"alignnone size-thumbnail wp-image-2067\" src=\"http:\/\/verniolle.fr\/wordpress\/wp-content\/uploads\/2015\/07\/anc_mairie2-150x150.jpg\" alt=\"anc_mairie2\" width=\"150\" height=\"150\" srcset=\"http:\/\/verniolle.fr\/wordpress\/wp-content\/uploads\/2015\/07\/anc_mairie2-150x150.jpg 150w, http:\/\/verniolle.fr\/wordpress\/wp-content\/uploads\/2015\/07\/anc_mairie2-50x50.jpg 50w\" sizes=\"(max-width: 150px) 100vw, 150px\" \/><\/a><\/td>\n<td style=\"text-align: center;\"><a href=\"http:\/\/verniolle.fr\/wordpress\/wp-content\/uploads\/2015\/07\/fr02.jpg\"><img decoding=\"async\" loading=\"lazy\" class=\"alignnone size-thumbnail wp-image-2070\" src=\"http:\/\/verniolle.fr\/wordpress\/wp-content\/uploads\/2015\/07\/fr02-150x150.jpg\" alt=\"fr02\" width=\"150\" height=\"150\" srcset=\"http:\/\/verniolle.fr\/wordpress\/wp-content\/uploads\/2015\/07\/fr02-150x150.jpg 150w, http:\/\/verniolle.fr\/wordpress\/wp-content\/uploads\/2015\/07\/fr02-50x50.jpg 50w\" sizes=\"(max-width: 150px) 100vw, 150px\" \/><\/a><\/td>\n<\/tr>\n<tr>\n<td style=\"text-align: center;\"><\/td>\n<td style=\"text-align: center;\">25 000 \u20ac<\/td>\n<td style=\"text-align: center;\">80 000 \u20ac<\/td>\n<\/tr>\n<\/tbody>\n<\/table>\n<p>&nbsp;<\/p>\n<p>&nbsp;<\/p>\n<p>&nbsp;<\/p>\n","protected":false},"excerpt":{"rendered":"<p>Travaux r\u00e9alis\u00e9s en 2016 et 2017 Travaux aux \u00e9coles : voir la page Agrandissement du cimeti\u00e8re\u00a0 Voirie au Mied des Vignes : voir l&#8217;article Avancement des travaux \u00e0 l&#8217;\u00e9cole \u00e9l\u00e9mentaire : voir l&#8217;article d&#8217;avril 2016 Exercice 2015 En cours (~74 000 \u20ac \u00e0 la charge de la commune) Rue de la Treille Imp du Garel [&hellip;]<\/p>\n","protected":false},"author":3,"featured_media":0,"parent":0,"menu_order":0,"comment_status":"closed","ping_status":"closed","template":"","meta":[],"_links":{"self":[{"href":"http:\/\/verniolle.fr\/wordpress\/wp-json\/wp\/v2\/pages\/2065"}],"collection":[{"href":"http:\/\/verniolle.fr\/wordpress\/wp-json\/wp\/v2\/pages"}],"about":[{"href":"http:\/\/verniolle.fr\/wordpress\/wp-json\/wp\/v2\/types\/page"}],"author":[{"embeddable":true,"href":"http:\/\/verniolle.fr\/wordpress\/wp-json\/wp\/v2\/users\/3"}],"replies":[{"embeddable":true,"href":"http:\/\/verniolle.fr\/wordpress\/wp-json\/wp\/v2\/comments?post=2065"}],"version-history":[{"count":15,"href":"http:\/\/verniolle.fr\/wordpress\/wp-json\/wp\/v2\/pages\/2065\/revisions"}],"predecessor-version":[{"id":3373,"href":"http:\/\/verniolle.fr\/wordpress\/wp-json\/wp\/v2\/pages\/2065\/revisions\/3373"}],"wp:attachment":[{"href":"http:\/\/verniolle.fr\/wordpress\/wp-json\/wp\/v2\/media?parent=2065"}],"curies":[{"name":"wp","href":"https:\/\/api.w.org\/{rel}","templated":true}]}}