{"id":6400,"date":"2022-11-17T10:23:32","date_gmt":"2022-11-17T08:23:32","guid":{"rendered":"http:\/\/verniolle.fr\/wordpress\/wp-content\/uploads\/2022\/11\/proces-verbal-seance-du-conseil-municipal-du-08.09.2022-adopte-dans-la-seance-du-14.11.2022.pdf"},"modified":"2022-11-17T10:23:32","modified_gmt":"2022-11-17T08:23:32","slug":"proces-verbal-seance-du-conseil-municipal-du-08-09-2022-adopte-dans-la-seance-du-14-11-2022","status":"inherit","type":"attachment","link":"http:\/\/verniolle.fr\/wordpress\/conseils-municipaux-2\/proces-verbal-seance-du-conseil-municipal-du-08-09-2022-adopte-dans-la-seance-du-14-11-2022\/","title":{"rendered":"proc\u00e8s-verbal s\u00e9ance du conseil municipal du 08.09.2022 adopt\u00e9 dans la s\u00e9ance du 14.11.2022"},"author":1,"comment_status":"closed","ping_status":"closed","template":"","meta":[],"description":{"rendered":"<p class=\"attachment\"><a href='http:\/\/verniolle.fr\/wordpress\/wp-content\/uploads\/2022\/11\/proces-verbal-seance-du-conseil-municipal-du-08.09.2022-adopte-dans-la-seance-du-14.11.2022.pdf'><img width=\"212\" height=\"300\" src=\"http:\/\/verniolle.fr\/wordpress\/wp-content\/uploads\/2022\/11\/proces-verbal-seance-du-conseil-municipal-du-08.09.2022-adopte-dans-la-seance-du-14.11.2022-pdf-212x300.jpg\" class=\"attachment-medium size-medium\" alt=\"\" decoding=\"async\" loading=\"lazy\" \/><\/a><\/p>\n"},"caption":{"rendered":""},"alt_text":"","media_type":"file","mime_type":"application\/pdf","media_details":{"sizes":{"full":{"file":"proces-verbal-seance-du-conseil-municipal-du-08.09.2022-adopte-dans-la-seance-du-14.11.2022-pdf.jpg","width":1059,"height":1497,"mime_type":"application\/pdf","source_url":"http:\/\/verniolle.fr\/wordpress\/wp-content\/uploads\/2022\/11\/proces-verbal-seance-du-conseil-municipal-du-08.09.2022-adopte-dans-la-seance-du-14.11.2022-pdf.jpg"},"medium":{"file":"proces-verbal-seance-du-conseil-municipal-du-08.09.2022-adopte-dans-la-seance-du-14.11.2022-pdf-212x300.jpg","width":212,"height":300,"mime_type":"image\/jpeg","source_url":"http:\/\/verniolle.fr\/wordpress\/wp-content\/uploads\/2022\/11\/proces-verbal-seance-du-conseil-municipal-du-08.09.2022-adopte-dans-la-seance-du-14.11.2022-pdf-212x300.jpg"},"large":{"file":"proces-verbal-seance-du-conseil-municipal-du-08.09.2022-adopte-dans-la-seance-du-14.11.2022-pdf-724x1024.jpg","width":724,"height":1024,"mime_type":"image\/jpeg","source_url":"http:\/\/verniolle.fr\/wordpress\/wp-content\/uploads\/2022\/11\/proces-verbal-seance-du-conseil-municipal-du-08.09.2022-adopte-dans-la-seance-du-14.11.2022-pdf-724x1024.jpg"},"thumbnail":{"file":"proces-verbal-seance-du-conseil-municipal-du-08.09.2022-adopte-dans-la-seance-du-14.11.2022-pdf-106x150.jpg","width":106,"height":150,"mime_type":"image\/jpeg","source_url":"http:\/\/verniolle.fr\/wordpress\/wp-content\/uploads\/2022\/11\/proces-verbal-seance-du-conseil-municipal-du-08.09.2022-adopte-dans-la-seance-du-14.11.2022-pdf-106x150.jpg"}}},"post":5160,"source_url":"http:\/\/verniolle.fr\/wordpress\/wp-content\/uploads\/2022\/11\/proces-verbal-seance-du-conseil-municipal-du-08.09.2022-adopte-dans-la-seance-du-14.11.2022.pdf","_links":{"self":[{"href":"http:\/\/verniolle.fr\/wordpress\/wp-json\/wp\/v2\/media\/6400"}],"collection":[{"href":"http:\/\/verniolle.fr\/wordpress\/wp-json\/wp\/v2\/media"}],"about":[{"href":"http:\/\/verniolle.fr\/wordpress\/wp-json\/wp\/v2\/types\/attachment"}],"author":[{"embeddable":true,"href":"http:\/\/verniolle.fr\/wordpress\/wp-json\/wp\/v2\/users\/1"}],"replies":[{"embeddable":true,"href":"http:\/\/verniolle.fr\/wordpress\/wp-json\/wp\/v2\/comments?post=6400"}]}}

procès-verbal séance du conseil municipal du 08.09.2022 adopté dans la séance du 14.11.2022
