{"id":1238,"date":"2013-10-01T04:35:33","date_gmt":"2013-10-01T03:35:33","guid":{"rendered":"http:\/\/verniolle.fr\/wordpress\/wp-content\/uploads\/2013\/10\/12VIFab493-15.jpg"},"modified":"2013-10-01T04:35:33","modified_gmt":"2013-10-01T03:35:33","slug":"12vifab493-15","status":"inherit","type":"attachment","link":"http:\/\/verniolle.fr\/wordpress\/12vifab493-15\/","title":{"rendered":"esperanto"},"author":1,"comment_status":"closed","ping_status":"open","template":"","meta":[],"description":{"rendered":"<p class=\"attachment\"><a href='http:\/\/verniolle.fr\/wordpress\/wp-content\/uploads\/2013\/10\/12VIFab493-15.jpg'><img width=\"300\" height=\"225\" src=\"http:\/\/verniolle.fr\/wordpress\/wp-content\/uploads\/2013\/10\/12VIFab493-15-300x225.jpg\" class=\"attachment-medium size-medium\" alt=\"Esperanto\" decoding=\"async\" loading=\"lazy\" srcset=\"http:\/\/verniolle.fr\/wordpress\/wp-content\/uploads\/2013\/10\/12VIFab493-15-300x225.jpg 300w, http:\/\/verniolle.fr\/wordpress\/wp-content\/uploads\/2013\/10\/12VIFab493-15.jpg 640w\" sizes=\"(max-width: 300px) 100vw, 300px\" \/><\/a><\/p>\n"},"caption":{"rendered":"<p> Am\u00e9ricains et Europ\u00e9ens ont rencontr\u00e9 le prof. local sur le Jardin de l&#8217;Esp\u00e9ranto.<\/p>\n"},"alt_text":"Esperanto","media_type":"image","mime_type":"image\/jpeg","media_details":{"width":640,"height":480,"file":"2013\/10\/12VIFab493-15.jpg","sizes":{"thumbnail":{"file":"12VIFab493-15-150x150.jpg","width":150,"height":150,"mime_type":"image\/jpeg","source_url":"http:\/\/verniolle.fr\/wordpress\/wp-content\/uploads\/2013\/10\/12VIFab493-15-150x150.jpg"},"medium":{"file":"12VIFab493-15-300x225.jpg","width":300,"height":225,"mime_type":"image\/jpeg","source_url":"http:\/\/verniolle.fr\/wordpress\/wp-content\/uploads\/2013\/10\/12VIFab493-15-300x225.jpg"},"post-thumbnail":{"file":"12VIFab493-15-640x330.jpg","width":640,"height":330,"mime_type":"image\/jpeg","source_url":"http:\/\/verniolle.fr\/wordpress\/wp-content\/uploads\/2013\/10\/12VIFab493-15-640x330.jpg"},"slider-thumbnail":{"file":"12VIFab493-15-400x280.jpg","width":400,"height":280,"mime_type":"image\/jpeg","source_url":"http:\/\/verniolle.fr\/wordpress\/wp-content\/uploads\/2013\/10\/12VIFab493-15-400x280.jpg"},"tabs-img":{"file":"12VIFab493-15-50x50.jpg","width":50,"height":50,"mime_type":"image\/jpeg","source_url":"http:\/\/verniolle.fr\/wordpress\/wp-content\/uploads\/2013\/10\/12VIFab493-15-50x50.jpg"},"full":{"file":"12VIFab493-15.jpg","width":640,"height":480,"mime_type":"image\/jpeg","source_url":"http:\/\/verniolle.fr\/wordpress\/wp-content\/uploads\/2013\/10\/12VIFab493-15.jpg"}},"image_meta":{"aperture":4,"credit":"","camera":"Canon PowerShot A620","caption":"","created_timestamp":1340467158,"copyright":"","focal_length":"12.565","iso":0,"shutter_speed":"0.0015625","title":"","orientation":1}},"post":null,"source_url":"http:\/\/verniolle.fr\/wordpress\/wp-content\/uploads\/2013\/10\/12VIFab493-15.jpg","_links":{"self":[{"href":"http:\/\/verniolle.fr\/wordpress\/wp-json\/wp\/v2\/media\/1238"}],"collection":[{"href":"http:\/\/verniolle.fr\/wordpress\/wp-json\/wp\/v2\/media"}],"about":[{"href":"http:\/\/verniolle.fr\/wordpress\/wp-json\/wp\/v2\/types\/attachment"}],"author":[{"embeddable":true,"href":"http:\/\/verniolle.fr\/wordpress\/wp-json\/wp\/v2\/users\/1"}],"replies":[{"embeddable":true,"href":"http:\/\/verniolle.fr\/wordpress\/wp-json\/wp\/v2\/comments?post=1238"}]}}

<p> Américains et Européens ont rencontré le prof. local sur le Jardin de l&#8217;Espéranto.</p>
